nd derivative of z**4/12 + 5*z**3/6 - 2*z**2 - z. Let c be p(-6). Suppose c*r = -2*r + 12, 652 = 2*v - 2*r. Is v composite?
True
Let r(n) = -2*n + 4 - 4*n**2 + 0 + 8 - 3*n. Let g be r(8). Let c = 487 + g. Is c a prime number?
False
Let y be (-20)/(-10) - 0/1. Suppose 3*l - 4107 = -y*t, 4*l - 6*l - 4*t = -2730. Is l a prime number?
False
Let a(v) = -813*v + 482. Is a(-27) a composite number?
False
Let a be (-2)/7 - (-1)/(14/16146). Suppose -6*j + 2525 = -a. Is j a prime number?
True
Suppose 3*v - 25 = a, -a + 0*v = 4*v + 4. Let y(x) = x**3 + 17*x**2 - 13*x - 15. Is y(a) a prime number?
True
Suppose -115 = -k - p - 0*p, 3*p + 425 = 4*k. Suppose -4*z + k = -2*z. Is z a composite number?
True
Suppose 75684 = 8*i - 49604. Is i a prime number?
True
Let w = -655 - -1476. Is w prime?
True
Let z(d) = d**3 + d**2 - 7*d + 4. Let s = -3 - 3. Let v be z(s). Let p = 283 + v. Is p a composite number?
False
Let z(q) be the first derivative of q**3/3 + 2*q**2 - 8*q + 7. Let n be z(-6). Suppose m = -n*m + 155. Is m a composite number?
False
Let a = 3171 - 1202. Let x = 4886 - a. Is x prime?
True
Suppose -4*u - 3*y + 10 = -5*y, 0 = -5*y + 15. Suppose u*f - 87 = -s, s + 3*s - 4*f - 368 = 0. Is s a composite number?
True
Suppose 33 = -3*m + 3*f, -2 + 8 = -3*f. Let z = -8 - m. Suppose l - z*l + 508 = 0. Is l a prime number?
True
Suppose -13587 + 482132 = 35*u. Is u prime?
False
Let m(p) = -31434*p + 75. Is m(-2) composite?
True
Let y be (54/(-3))/((-1)/30). Suppose 3*h = 8*h - y. Is 11748/h + (-2)/(-9) a composite number?
False
Let w(s) = -s**2 - 1. Let u(j) = 5*j**2 + 37*j + 37. Let g(c) = -u(c) - 2*w(c). Let i(p) = -2*p**2 - 19*p - 18. Let d(v) = 4*g(v) - 7*i(v). Is d(15) composite?
False
Let o(j) = -2*j**2 - 25*j - 9. Let k be o(-12). Suppose k*m - 232 = 5. Is m a composite number?
False
Suppose 5*r = 5*d + 176305, -4*r + 3*d - 70532 = -6*r. Is r prime?
False
Let z(j) = -36*j + 4. Let h(y) = 159*y - 29. Let p(n) = -79*n + 14. Let l(a) = -6*h(a) - 13*p(a). Let q(b) = 3*l(b) + 5*z(b). Is q(3) composite?
False
Suppose 2*s - 3*z + 0 = -1, -5*z + 19 = s. Suppose -s*n + 2055 + 8069 = 0. Is n a composite number?
False
Suppose -j - 2*k + 4 = 0, -2*j + 2*k = -j. Suppose -b = q + 35590, -q - b - 35580 = j*b. Is 2/(-11) + q/(-55) a prime number?
True
Is (12/8 - 1)/((-1)/(-14902)) a prime number?
True
Suppose -3*v - o = -11, -5*o = 4*v - 0*v - 22. Suppose v*h - 2 = 2*h. Suppose 72 - 1359 = -h*y + 5*p, 0 = 4*y + 3*p - 2509. Is y composite?
False
Suppose 10 = y + 15. Let v(p) = 8*p**2 + 5*p - 12. Is v(y) a composite number?
False
Let z be 28/14 - 4*4. Let y = z + 13. Is (y/(-1))/(1/469) prime?
False
Suppose 4*r = 20, 0*j + 5*r = j - 2496. Is j composite?
False
Let d(n) = 7*n**2 - 2*n - 2. Suppose -5*v + 32 = -3*s, 3*v + 2 = -4*s - 2. Let i be d(s). Let u = i + -33. Is u a prime number?
False
Let h be 51*(1 + -1 + -1). Let i be h/(-3) - (0 + -1). Suppose -j = i - 229. Is j composite?
False
Let r be (-1)/(5/(-6386))*-5. Let k = -3027 - r. Is k a prime number?
True
Suppose 3*p - 113159 + 33800 = 0. Is p composite?
True
Let s = 114 + -104. Is (-39624)/(-120) + ((-24)/s)/(-3) composite?
False
Let f(v) = 2*v - 5. Let o be f(4). Suppose 0 = -4*z + 2*q + 606, -3*z - 10*q + 442 = -14*q. Suppose -335 = -o*r + z. Is r prime?
True
Let a be (10 + -65)/((-2)/4). Suppose 4*o = -o. Suppose o*u - a = -2*u. Is u a composite number?
True
Suppose 0*u - 16 = -2*u + 2*o, 4*o - 18 = -u. Suppose u = 6*f - f. Is ((-3)/3)/(f/(-358)) a composite number?
False
Suppose 0 = -3*y - 0*y + 15, 4719 = 4*z - 5*y. Is (z/3)/((-22)/(-33)) a prime number?
True
Let k be (-1 + 0)*(7 - 10). Suppose -452 = -4*l - 5*p, -5*p = 5*l - k*l - 216. Is l a composite number?
True
Suppose -5*s - 194 + 64 = 0. Suppose 0 = 4*a + 3 + 9. Is a/1 - s - -2 a prime number?
False
Let m(f) = -f**3 + 4*f**2 - 10*f - 7. Let t = 17 - 25. Is m(t) a prime number?
False
Let y = 1311 - -148. Is y prime?
True
Let n = 7976 + 5283. Is n composite?
False
Is 308636/5 + 5/(-25) prime?
False
Let c = 38014 - -56499. Is c a prime number?
True
Suppose -5*a + 29 = 5*h - 16, -3*a + 17 = h. Suppose 11 = 4*c + l, -l + 14 = c + 3*l. Suppose -a*b + c*i - i = -1523, -5*i + 386 = b. Is b a composite number?
True
Let f(o) = 2716*o**2 + 3*o + 1. Is f(-2) prime?
True
Let r be (4/5)/((-4)/20). Let s(m) = m**3 + 4*m**2 + 6. Let f be s(r). Is 1910/15*f/4 prime?
True
Let c(n) = 4*n - 2. Let d be c(1). Suppose -3*s + 186 = d*q, -412 = -q - 3*q + 4*s. Suppose 4*z + q - 382 = -3*f, 8 = 2*z. Is f a prime number?
True
Suppose 5*y - 11423 + 4043 = 0. Let w be y/30*(-130)/(-3). Suppose -w = -7*r - 655. Is r a prime number?
True
Let n(a) = 4*a - 16. Suppose 5*h - 85 + 20 = 0. Let m be n(h). Let o = 55 - m. Is o composite?
False
Let b = -13 - -15. Let u(i) = 8*i**2 - 4 + i**b - i - i. Is u(5) prime?
True
Let n be ((-3)/6)/(2/120). Let o be (-1)/3 - (-28)/(-6). Let r = o - n. Is r a composite number?
True
Let r(a) = -a**3 + 4*a**2 + 2*a - 3. Let n be r(2). Suppose n*k - 1833 = 6*k. Is k prime?
False
Is (-46261)/(-7) - -2 - (-16)/56 a composite number?
True
Suppose 0 = 4*r - t + 5, 2 = -5*r + 3*t - 6*t. Let f(d) = 24*d**2 - d - 1. Let a be f(r). Suppose -c + a = 5. Is c a prime number?
True
Suppose v + 18019 = 3*m, m - 8899 = 4*v - 2878. Is m a composite number?
True
Let l(v) = v**3 - 11*v**2 - 13*v + 4. Let x be l(12). Let b(r) = r**2 + 11*r + 21. Let d be b(x). Let f(c) = -73*c + 4. Is f(d) a composite number?
False
Let n(o) = -254*o + 14. Let i be n(-4). Suppose w + 21 = i. Is w a prime number?
True
Suppose 5*o - 4 = 11. Suppose -3*a = -4*t - 2929, -4*a + 3*a = o*t - 985. Is a a prime number?
False
Let f(l) = 2*l**2 - 5*l + 4. Let k be f(2). Suppose -v + 3*v - 5*u = 185, -v = -k*u - 93. Is v a composite number?
True
Suppose -q - y = 1585, 3500 = -5*q + 3*y - 4417. Suppose 2*h + 2 = 6. Is h/5 + q/(-15) a composite number?
True
Suppose 4*q - 104 = 3*m, 2*q - 7*q + 5*m + 135 = 0. Is 0 + 74 + 0/q a composite number?
True
Let i = -349 + 669. Suppose -6988 = -5*z + v, 5*z + 3*v = i + 6656. Is z prime?
False
Let r = 954 + 1559. Is r composite?
True
Let s(w) = w**2 - 11*w + 22. Let f be s(9). Suppose -f*n + 600 = j, 2*j = -3*j + 20. Is n a prime number?
True
Suppose 280 = 4*c + 28. Let b = 286 - c. Is b a prime number?
True
Suppose -2*m + 5*s + 2 = 1, -11 = -4*m + s. Suppose 7*z - 16210 = -m*z. Is z composite?
False
Let j(v) = -5*v**2 + v + 2. Let w = -9 + 6. Let d be j(w). Is (2 - -4)*d/(-4) a prime number?
False
Suppose -89481 = -5*o - 5426. Is o prime?
True
Suppose z = 2*v + 811, 4*z = 2*v + v + 3239. Suppose 49 = -4*y + z. Let m = -47 + y. Is m a composite number?
True
Let l = -1757 - -3030. Suppose -3*d - 144 = 1782. Let p = d + l. Is p a prime number?
True
Suppose 4*z + 0*z - 5*o = 20998, 3*o + 10498 = 2*z. Suppose 22056 - z = 4*y. Is y a prime number?
True
Suppose -112 = -2*c + 2*g + 162, 3*c + 4*g - 432 = 0. Let u = 207 - c. Is u a composite number?
False
Suppose 5*u = 4*h - 2*h + 172, u + 4*h - 52 = 0. Suppose u = -5*i + 551. Is i prime?
True
Is -12 - (-4600)/380 - 1880789/(-19) a composite number?
True
Let h be 72/21 + 16/28. Suppose h*z + m = 4*m, 3*m = -3*z + 21. Suppose -z*j - 14 = 3*c - 161, c + 4*j = 49. Is c a composite number?
True
Suppose 2*d - 5196 = -4*x, 2*x = 4*x + 2*d - 2596. Let f = x + -737. Is f composite?
False
Suppose -p + 1076 = p. Let n = p - 227. Is n prime?
True
Let b = 9477 + -3356. Is b a prime number?
True
Let d(q) be the second derivative of 11*q**3/3 + q**2/2 + 19*q. Let x(n) = 4*n - 1. Let m be x(2). Is d(m) a composite number?
True
Suppose -6*o + 20 = -o. Let l be 3/6*o + 0. Suppose -l*u + 23 = -111. Is u a composite number?
False
Suppose 4*k = 8*k - 12. Suppose q - 323 = -a + k*q, -2*a - 4*q = -678. Is a a prime number?
True
Let k be 6/4 + (-13)/(-26). Suppose -139 = -2*d + 7*q - k*q, -3*q + 64 = d. Is d composite?
False
Let l be (4/2)/((-4)/(-6)). Suppose l*t + 3 = 18. Suppose 4*c - 187 = -0*u - u, -t*u - 2*c + 1007 = 0. Is u composite?
True
Let u be 1 + ((-35)/2)/((-4)/280). Let s = -673 + u. Is s a prime number?
False
Suppose 90*w = 95*w - 18235. Is w composite?
True
Let b(u) = 77*u**2 + 27*u - 17. Is b(8) a composite number?
True
Let m = 2563 - 2168. Is m a prime number?
False
Let c be (-48)/(-7) + 1/7. Let t be 766/c - 36/84. Suppose -